{"id":903,"date":"2022-06-23T13:09:00","date_gmt":"2022-06-23T13:09:00","guid":{"rendered":"https:\/\/www.mojemedicentrum.cz\/?page_id=903"},"modified":"2022-10-11T13:54:28","modified_gmt":"2022-10-11T13:54:28","slug":"onkologicka-a-paliativni-ambulance-res-medica-s-r-o","status":"publish","type":"page","link":"https:\/\/www.mojemedicentrum.cz\/?page_id=903","title":{"rendered":"Onkologick\u00e1 a paliativn\u00ed ambulance, Res Medica s.r.o."},"content":{"rendered":"\n<figure class=\"wp-block-image size-large is-resized\"><img loading=\"lazy\" decoding=\"async\" src=\"http:\/\/www.mojemedicentrum.cz\/wp-content\/uploads\/2022\/06\/agree-agreement-asian-1238964-1024x682.jpg\" alt=\"agree, agreement, asian-1238964.jpg\" class=\"wp-image-966\" width=\"630\" height=\"420\" srcset=\"https:\/\/www.mojemedicentrum.cz\/wp-content\/uploads\/2022\/06\/agree-agreement-asian-1238964-1024x682.jpg 1024w, https:\/\/www.mojemedicentrum.cz\/wp-content\/uploads\/2022\/06\/agree-agreement-asian-1238964-300x200.jpg 300w, https:\/\/www.mojemedicentrum.cz\/wp-content\/uploads\/2022\/06\/agree-agreement-asian-1238964-768x512.jpg 768w, https:\/\/www.mojemedicentrum.cz\/wp-content\/uploads\/2022\/06\/agree-agreement-asian-1238964.jpg 1280w\" sizes=\"auto, (max-width: 630px) 100vw, 630px\" \/><\/figure>\n\n\n\n<p class=\"has-large-font-size\">Ordinace bude fungovat na nov\u00e9 adrese, zat\u00edm nen\u00ed otev\u0159ena. Pro v\u00edce informac\u00ed volejte \u010di pi\u0161te na kontakty uveden\u00e9 n\u00ed\u017ee. <\/p>\n\n\n\n<p>V\u011bnujeme se dosp\u011bl\u00fdm pacient\u016fm se zhoubn\u00fdmi tumory ve v\u0161ech stadi\u00edch onemocn\u011bn\u00ed.&nbsp;<\/p>\n\n\n\n<p>Kontakty: MUDr. Petra Garnolov\u00e1, tel: 777308687,&nbsp;<a rel=\"noreferrer noopener\" href=\"mailto:petra.garnolova@gmail.com\" target=\"_blank\">petra.garnolova@gmail.com<\/a>,&nbsp;<a rel=\"noreferrer noopener\" href=\"http:\/\/www.onkologie-praha.cz\/\" target=\"_blank\">www.onkologie-praha.<\/a><\/p>\n\n\n\n<p>Spolupracujeme se v\u0161emi zdravotn\u00edmi poji\u0161\u0165ovnami.<\/p>\n\n\n\n<p><\/p>\n","protected":false},"excerpt":{"rendered":"<p>Ordinace bude fungovat na nov\u00e9 adrese, zat\u00edm nen\u00ed otev\u0159ena. Pro v\u00edce informac\u00ed volejte \u010di pi\u0161te na kontakty uveden\u00e9 n\u00ed\u017ee. V\u011bnujeme se dosp\u011bl\u00fdm pacient\u016fm se zhoubn\u00fdmi tumory ve v\u0161ech stadi\u00edch onemocn\u011bn\u00ed.&nbsp; Kontakty: MUDr. Petra Garnolov\u00e1, tel: 777308687,&nbsp;petra.garnolova@gmail.com,&nbsp;www.onkologie-praha. Spolupracujeme se v\u0161emi zdravotn\u00edmi poji\u0161\u0165ovnami.<\/p>\n","protected":false},"author":1,"featured_media":0,"parent":0,"menu_order":0,"comment_status":"closed","ping_status":"closed","template":"","meta":{"site-sidebar-layout":"default","site-content-layout":"default","ast-global-header-display":"","ast-main-header-display":"","ast-hfb-above-header-display":"","ast-hfb-below-header-display":"","ast-hfb-mobile-header-display":"","site-post-title":"","ast-breadcrumbs-content":"","ast-featured-img":"","footer-sml-layout":"","theme-transparent-header-meta":"","adv-header-id-meta":"","stick-header-meta":"","header-above-stick-meta":"","header-main-stick-meta":"","header-below-stick-meta":"","footnotes":""},"class_list":["post-903","page","type-page","status-publish","hentry"],"uagb_featured_image_src":{"full":false,"thumbnail":false,"medium":false,"medium_large":false,"large":false,"1536x1536":false,"2048x2048":false},"uagb_author_info":{"display_name":"mojemedice","author_link":"https:\/\/www.mojemedicentrum.cz\/?author=1"},"uagb_comment_info":0,"uagb_excerpt":"Ordinace bude fungovat na nov\u00e9 adrese, zat\u00edm nen\u00ed otev\u0159ena. Pro v\u00edce informac\u00ed volejte \u010di pi\u0161te na kontakty uveden\u00e9 n\u00ed\u017ee. V\u011bnujeme se dosp\u011bl\u00fdm pacient\u016fm se zhoubn\u00fdmi tumory ve v\u0161ech stadi\u00edch onemocn\u011bn\u00ed.&nbsp; Kontakty: MUDr. Petra Garnolov\u00e1, tel: 777308687,&nbsp;petra.garnolova@gmail.com,&nbsp;www.onkologie-praha. Spolupracujeme se v\u0161emi zdravotn\u00edmi poji\u0161\u0165ovnami.","_links":{"self":[{"href":"https:\/\/www.mojemedicentrum.cz\/index.php?rest_route=\/wp\/v2\/pages\/903","targetHints":{"allow":["GET"]}}],"collection":[{"href":"https:\/\/www.mojemedicentrum.cz\/index.php?rest_route=\/wp\/v2\/pages"}],"about":[{"href":"https:\/\/www.mojemedicentrum.cz\/index.php?rest_route=\/wp\/v2\/types\/page"}],"author":[{"embeddable":true,"href":"https:\/\/www.mojemedicentrum.cz\/index.php?rest_route=\/wp\/v2\/users\/1"}],"replies":[{"embeddable":true,"href":"https:\/\/www.mojemedicentrum.cz\/index.php?rest_route=%2Fwp%2Fv2%2Fcomments&post=903"}],"version-history":[{"count":6,"href":"https:\/\/www.mojemedicentrum.cz\/index.php?rest_route=\/wp\/v2\/pages\/903\/revisions"}],"predecessor-version":[{"id":1016,"href":"https:\/\/www.mojemedicentrum.cz\/index.php?rest_route=\/wp\/v2\/pages\/903\/revisions\/1016"}],"wp:attachment":[{"href":"https:\/\/www.mojemedicentrum.cz\/index.php?rest_route=%2Fwp%2Fv2%2Fmedia&parent=903"}],"curies":[{"name":"wp","href":"https:\/\/api.w.org\/{rel}","templated":true}]}}