{"id":905,"date":"2022-06-23T13:09:44","date_gmt":"2022-06-23T13:09:44","guid":{"rendered":"https:\/\/www.mojemedicentrum.cz\/?page_id=905"},"modified":"2022-10-11T13:53:16","modified_gmt":"2022-10-11T13:53:16","slug":"poradna-pro-onemocneni-mlecne-zlazy","status":"publish","type":"page","link":"https:\/\/www.mojemedicentrum.cz\/?page_id=905","title":{"rendered":"Poradna pro onemocn\u011bn\u00ed ml\u00e9\u010dn\u00e9 \u017el\u00e1zy"},"content":{"rendered":"\n<figure class=\"wp-block-image size-large is-resized\"><img loading=\"lazy\" decoding=\"async\" src=\"http:\/\/www.mojemedicentrum.cz\/wp-content\/uploads\/2022\/06\/pink-ribbon-breast-cancer-awareness-month-health-3713632-1024x682.jpg\" alt=\"pink ribbon, breast cancer awareness month, health-3713632.jpg\" class=\"wp-image-969\" width=\"442\" height=\"294\" srcset=\"https:\/\/www.mojemedicentrum.cz\/wp-content\/uploads\/2022\/06\/pink-ribbon-breast-cancer-awareness-month-health-3713632-1024x682.jpg 1024w, https:\/\/www.mojemedicentrum.cz\/wp-content\/uploads\/2022\/06\/pink-ribbon-breast-cancer-awareness-month-health-3713632-300x200.jpg 300w, https:\/\/www.mojemedicentrum.cz\/wp-content\/uploads\/2022\/06\/pink-ribbon-breast-cancer-awareness-month-health-3713632-768x512.jpg 768w, https:\/\/www.mojemedicentrum.cz\/wp-content\/uploads\/2022\/06\/pink-ribbon-breast-cancer-awareness-month-health-3713632.jpg 1280w\" sizes=\"auto, (max-width: 442px) 100vw, 442px\" \/><\/figure>\n\n\n\n<p class=\"has-large-font-size\">Ordinace je p\u0159est\u011bhov\u00e1na na novou adresu: Dukelsk\u00fdch hrdin\u016f 23, vchod u l\u00e9k\u00e1rny Dr. Max. <\/p>\n\n\n\n<p>V&nbsp;na\u0161\u00ed ordinaci se zam\u011b\u0159ujeme na l\u00e9\u010dbu nemoc\u00ed prsu a p\u0159edev\u0161\u00edm na prevenci rakoviny prsu. Jedn\u00e1 se o klinick\u00e9 vy\u0161et\u0159en\u00ed prs\u016f mammologem a d\u00e1le dle indikace zaji\u0161t\u011bn\u00ed ultrazvukov\u00e9ho nebo mammografick\u00e9ho vy\u0161et\u0159en\u00ed.<\/p>\n\n\n\n<p>D\u00e1le se zam\u011b\u0159ujeme na prevenci zhoubn\u00e9ho ko\u017en\u00edho n\u00e1doru melanomu tj. preventivn\u00ed vy\u0161et\u0159en\u00ed tmav\u00fdch pigmentov\u00fdch n\u00e9v\u016f l\u00e9ka\u0159em a dle indikace vy\u0161et\u0159en\u00ed digit\u00e1ln\u00edm dermatoskopem.<\/p>\n\n\n\n<p>Na v\u0161echna vy\u0161et\u0159en\u00ed v&nbsp;ordinaci je&nbsp;<strong><u>nutn\u00e9 se objednat telefonicky<\/u><\/strong>.<\/p>\n\n\n\n<p>Telefon: +420 233&nbsp;371&nbsp;218<\/p>\n\n\n\n<p>E mail:&nbsp;<a href=\"mailto:poradna@sehr.cz\" target=\"_blank\" rel=\"noreferrer noopener\">poradna@sehr.cz<\/a><\/p>\n\n\n\n<p>V&nbsp;budov\u011b s\u00eddl\u00edme v&nbsp;1. pat\u0159e .<\/p>\n\n\n\n<p class=\"has-text-align-left\">Ordina\u010dn\u00ed hodiny: <\/p>\n\n\n\n<p class=\"has-text-align-left\">Pond\u011bl\u00ed: 7.40-11.00&nbsp;; Dermatoskop: 11.30-14.00<\/p>\n\n\n\n<p class=\"has-text-align-left\">\u00dater\u00fd: 7.40-15.00<\/p>\n\n\n\n<p class=\"has-text-align-left\">St\u0159eda: 13.00-16.00<\/p>\n\n\n\n<p class=\"has-text-align-left\">\u010ctvrtek: 7.40-11.00; Dermatoskop: 11.30-14.00<\/p>\n\n\n\n<p><strong>Ordina\u010dn\u00ed doba se m\u016f\u017ee zna\u010dn\u011b li\u0161it a upravuje se podle po\u010dtu objednan\u00fdch pacient\u016f.<\/strong><\/p>\n\n\n\n<p>Spolupracujeme s&nbsp;poji\u0161\u0165ovnami 111,201,205,207 a 211.<\/p>\n\n\n\n<p>Cena vy\u0161et\u0159en\u00ed nebo o\u0161et\u0159en\u00ed nen\u00ed p\u0159esn\u011b stanovena. N\u011bkter\u00e9 \u00fakony jsou hrazeny poji\u0161\u0165ovnami, jin\u00e9 si hrad\u00ed pacient s\u00e1m. Z\u00e1le\u017e\u00ed to na klinick\u00e9m vy\u0161et\u0159en\u00ed a dal\u0161\u00edch okolnostech t\u00fdkaj\u00edc\u00edch se pacienta.<\/p>\n\n\n\n<p class=\"has-text-align-center\">L\u00e9ka\u0159: <strong>MUDr.Lud\u011bk Sehr-chirurg<\/strong><\/p>\n\n\n\n<p class=\"has-text-align-center\">&nbsp;&nbsp;&nbsp;&nbsp;&nbsp;&nbsp;&nbsp;&nbsp;&nbsp;&nbsp;&nbsp; V&nbsp;letech 1981-1992 odborn\u00fd asistent na 1.chirurgick\u00e9 klinice VFN Praha<\/p>\n\n\n\n<p class=\"has-text-align-center\">&nbsp;&nbsp;&nbsp;&nbsp;&nbsp;&nbsp;&nbsp;&nbsp;&nbsp;&nbsp;&nbsp;&nbsp;&nbsp;&nbsp;&nbsp;&nbsp;&nbsp;&nbsp;&nbsp;&nbsp;&nbsp;&nbsp;&nbsp;&nbsp;&nbsp;&nbsp;&nbsp; 1992-1998 soukrom\u00fd l\u00e9ka\u0159 mammolog v&nbsp;Centru preventivn\u00ed medic\u00edny Praha<\/p>\n\n\n\n<p class=\"has-text-align-center\">&nbsp;&nbsp;&nbsp;&nbsp;&nbsp;&nbsp;&nbsp;&nbsp;&nbsp;&nbsp;&nbsp;&nbsp;&nbsp;&nbsp;&nbsp;&nbsp;&nbsp;&nbsp;&nbsp;&nbsp;&nbsp;&nbsp;&nbsp;&nbsp;&nbsp;&nbsp; &nbsp;1998 do sou\u010dasnosti soukrom\u00e1 praxe.<\/p>\n\n\n\n<p class=\"has-text-align-center\">&nbsp;&nbsp;&nbsp;&nbsp;&nbsp;&nbsp;&nbsp;&nbsp;&nbsp;&nbsp;&nbsp;&nbsp; Specializace v&nbsp;oboru mammologie od roku 1984<\/p>\n","protected":false},"excerpt":{"rendered":"<p>Ordinace je p\u0159est\u011bhov\u00e1na na novou adresu: Dukelsk\u00fdch hrdin\u016f 23, vchod u l\u00e9k\u00e1rny Dr. Max. V&nbsp;na\u0161\u00ed ordinaci se zam\u011b\u0159ujeme na l\u00e9\u010dbu nemoc\u00ed prsu a p\u0159edev\u0161\u00edm na prevenci rakoviny prsu. Jedn\u00e1 se o klinick\u00e9 vy\u0161et\u0159en\u00ed prs\u016f mammologem a d\u00e1le dle indikace zaji\u0161t\u011bn\u00ed ultrazvukov\u00e9ho nebo mammografick\u00e9ho vy\u0161et\u0159en\u00ed. D\u00e1le se zam\u011b\u0159ujeme na prevenci zhoubn\u00e9ho ko\u017en\u00edho n\u00e1doru melanomu tj. preventivn\u00ed &hellip;<\/p>\n<p class=\"read-more\"> <a class=\"\" href=\"https:\/\/www.mojemedicentrum.cz\/?page_id=905\"> <span class=\"screen-reader-text\">Poradna pro onemocn\u011bn\u00ed ml\u00e9\u010dn\u00e9 \u017el\u00e1zy<\/span> Pokra\u010dovat ve \u010dten\u00ed &raquo;<\/a><\/p>\n","protected":false},"author":1,"featured_media":0,"parent":0,"menu_order":0,"comment_status":"closed","ping_status":"closed","template":"","meta":{"site-sidebar-layout":"default","site-content-layout":"default","ast-global-header-display":"","ast-main-header-display":"","ast-hfb-above-header-display":"","ast-hfb-below-header-display":"","ast-hfb-mobile-header-display":"","site-post-title":"","ast-breadcrumbs-content":"","ast-featured-img":"","footer-sml-layout":"","theme-transparent-header-meta":"","adv-header-id-meta":"","stick-header-meta":"","header-above-stick-meta":"","header-main-stick-meta":"","header-below-stick-meta":"","footnotes":""},"class_list":["post-905","page","type-page","status-publish","hentry"],"uagb_featured_image_src":{"full":false,"thumbnail":false,"medium":false,"medium_large":false,"large":false,"1536x1536":false,"2048x2048":false},"uagb_author_info":{"display_name":"mojemedice","author_link":"https:\/\/www.mojemedicentrum.cz\/?author=1"},"uagb_comment_info":0,"uagb_excerpt":"Ordinace je p\u0159est\u011bhov\u00e1na na novou adresu: Dukelsk\u00fdch hrdin\u016f 23, vchod u l\u00e9k\u00e1rny Dr. Max. V&nbsp;na\u0161\u00ed ordinaci se zam\u011b\u0159ujeme na l\u00e9\u010dbu nemoc\u00ed prsu a p\u0159edev\u0161\u00edm na prevenci rakoviny prsu. Jedn\u00e1 se o klinick\u00e9 vy\u0161et\u0159en\u00ed prs\u016f mammologem a d\u00e1le dle indikace zaji\u0161t\u011bn\u00ed ultrazvukov\u00e9ho nebo mammografick\u00e9ho vy\u0161et\u0159en\u00ed. D\u00e1le se zam\u011b\u0159ujeme na prevenci zhoubn\u00e9ho ko\u017en\u00edho n\u00e1doru melanomu tj. preventivn\u00ed&hellip;","_links":{"self":[{"href":"https:\/\/www.mojemedicentrum.cz\/index.php?rest_route=\/wp\/v2\/pages\/905","targetHints":{"allow":["GET"]}}],"collection":[{"href":"https:\/\/www.mojemedicentrum.cz\/index.php?rest_route=\/wp\/v2\/pages"}],"about":[{"href":"https:\/\/www.mojemedicentrum.cz\/index.php?rest_route=\/wp\/v2\/types\/page"}],"author":[{"embeddable":true,"href":"https:\/\/www.mojemedicentrum.cz\/index.php?rest_route=\/wp\/v2\/users\/1"}],"replies":[{"embeddable":true,"href":"https:\/\/www.mojemedicentrum.cz\/index.php?rest_route=%2Fwp%2Fv2%2Fcomments&post=905"}],"version-history":[{"count":5,"href":"https:\/\/www.mojemedicentrum.cz\/index.php?rest_route=\/wp\/v2\/pages\/905\/revisions"}],"predecessor-version":[{"id":1014,"href":"https:\/\/www.mojemedicentrum.cz\/index.php?rest_route=\/wp\/v2\/pages\/905\/revisions\/1014"}],"wp:attachment":[{"href":"https:\/\/www.mojemedicentrum.cz\/index.php?rest_route=%2Fwp%2Fv2%2Fmedia&parent=905"}],"curies":[{"name":"wp","href":"https:\/\/api.w.org\/{rel}","templated":true}]}}