{"id":911,"date":"2022-06-23T13:12:59","date_gmt":"2022-06-23T13:12:59","guid":{"rendered":"https:\/\/www.mojemedicentrum.cz\/?page_id=911"},"modified":"2022-10-11T13:54:06","modified_gmt":"2022-10-11T13:54:06","slug":"rehabilitace","status":"publish","type":"page","link":"https:\/\/www.mojemedicentrum.cz\/?page_id=911","title":{"rendered":"Rehabilitace"},"content":{"rendered":"\n<figure class=\"wp-block-image size-large is-resized\"><img loading=\"lazy\" decoding=\"async\" src=\"http:\/\/www.mojemedicentrum.cz\/wp-content\/uploads\/2022\/06\/physio-physiology-massage-1778029-1024x576.jpg\" alt=\"physio, physiology, massage-1778029.jpg\" class=\"wp-image-972\" width=\"474\" height=\"267\" srcset=\"https:\/\/www.mojemedicentrum.cz\/wp-content\/uploads\/2022\/06\/physio-physiology-massage-1778029-1024x576.jpg 1024w, https:\/\/www.mojemedicentrum.cz\/wp-content\/uploads\/2022\/06\/physio-physiology-massage-1778029-300x169.jpg 300w, https:\/\/www.mojemedicentrum.cz\/wp-content\/uploads\/2022\/06\/physio-physiology-massage-1778029-768x432.jpg 768w, https:\/\/www.mojemedicentrum.cz\/wp-content\/uploads\/2022\/06\/physio-physiology-massage-1778029.jpg 1280w\" sizes=\"auto, (max-width: 474px) 100vw, 474px\" \/><\/figure>\n\n\n\n<p class=\"has-large-font-size\">Ordinace je p\u0159est\u011bhov\u00e1na na novou adresu: Veverkova 9, Praha 7, 170 00. <\/p>\n\n\n\n<p>V na\u0161\u00ed ordinaci se zam\u011b\u0159ujeme p\u0159edev\u0161\u00edm na rehabilitaci ortopedick\u00fdch a neurologick\u00fdch onemocn\u011bn\u00ed. <\/p>\n\n\n\n<p>Ordina\u010dn\u00ed hodiny: <strong>St\u0159eda 7:00 &#8211; 15:00<\/strong><\/p>\n\n\n\n<p>Ordinaci naleznete na adrese: <strong>Veverkova 1229\/9, Praha 7 &#8211; Hole\u0161ovice, 170 00. <\/strong><\/p>\n\n\n\n<p>Objedn\u00e1n\u00ed na telefonn\u00edm \u010d\u00edsle: <strong>+420 608 073 335<\/strong> kdykoli od pond\u011bl\u00ed do \u010dtvrtka mezi 7:00 &#8211; 16:00 a v p\u00e1tek mezi 7:00 &#8211; 13:00. <\/p>\n\n\n\n<p><\/p>\n\n\n\n<p><\/p>\n","protected":false},"excerpt":{"rendered":"<p>Ordinace je p\u0159est\u011bhov\u00e1na na novou adresu: Veverkova 9, Praha 7, 170 00. V na\u0161\u00ed ordinaci se zam\u011b\u0159ujeme p\u0159edev\u0161\u00edm na rehabilitaci ortopedick\u00fdch a neurologick\u00fdch onemocn\u011bn\u00ed. Ordina\u010dn\u00ed hodiny: St\u0159eda 7:00 &#8211; 15:00 Ordinaci naleznete na adrese: Veverkova 1229\/9, Praha 7 &#8211; Hole\u0161ovice, 170 00. Objedn\u00e1n\u00ed na telefonn\u00edm \u010d\u00edsle: +420 608 073 335 kdykoli od pond\u011bl\u00ed do \u010dtvrtka &hellip;<\/p>\n<p class=\"read-more\"> <a class=\"\" href=\"https:\/\/www.mojemedicentrum.cz\/?page_id=911\"> <span class=\"screen-reader-text\">Rehabilitace<\/span> Pokra\u010dovat ve \u010dten\u00ed &raquo;<\/a><\/p>\n","protected":false},"author":1,"featured_media":0,"parent":0,"menu_order":0,"comment_status":"closed","ping_status":"closed","template":"","meta":{"site-sidebar-layout":"default","site-content-layout":"default","ast-global-header-display":"","ast-main-header-display":"","ast-hfb-above-header-display":"","ast-hfb-below-header-display":"","ast-hfb-mobile-header-display":"","site-post-title":"","ast-breadcrumbs-content":"","ast-featured-img":"","footer-sml-layout":"","theme-transparent-header-meta":"","adv-header-id-meta":"","stick-header-meta":"","header-above-stick-meta":"","header-main-stick-meta":"","header-below-stick-meta":"","footnotes":""},"class_list":["post-911","page","type-page","status-publish","hentry"],"uagb_featured_image_src":{"full":false,"thumbnail":false,"medium":false,"medium_large":false,"large":false,"1536x1536":false,"2048x2048":false},"uagb_author_info":{"display_name":"mojemedice","author_link":"https:\/\/www.mojemedicentrum.cz\/?author=1"},"uagb_comment_info":0,"uagb_excerpt":"Ordinace je p\u0159est\u011bhov\u00e1na na novou adresu: Veverkova 9, Praha 7, 170 00. V na\u0161\u00ed ordinaci se zam\u011b\u0159ujeme p\u0159edev\u0161\u00edm na rehabilitaci ortopedick\u00fdch a neurologick\u00fdch onemocn\u011bn\u00ed. Ordina\u010dn\u00ed hodiny: St\u0159eda 7:00 &#8211; 15:00 Ordinaci naleznete na adrese: Veverkova 1229\/9, Praha 7 &#8211; Hole\u0161ovice, 170 00. Objedn\u00e1n\u00ed na telefonn\u00edm \u010d\u00edsle: +420 608 073 335 kdykoli od pond\u011bl\u00ed do \u010dtvrtka&hellip;","_links":{"self":[{"href":"https:\/\/www.mojemedicentrum.cz\/index.php?rest_route=\/wp\/v2\/pages\/911","targetHints":{"allow":["GET"]}}],"collection":[{"href":"https:\/\/www.mojemedicentrum.cz\/index.php?rest_route=\/wp\/v2\/pages"}],"about":[{"href":"https:\/\/www.mojemedicentrum.cz\/index.php?rest_route=\/wp\/v2\/types\/page"}],"author":[{"embeddable":true,"href":"https:\/\/www.mojemedicentrum.cz\/index.php?rest_route=\/wp\/v2\/users\/1"}],"replies":[{"embeddable":true,"href":"https:\/\/www.mojemedicentrum.cz\/index.php?rest_route=%2Fwp%2Fv2%2Fcomments&post=911"}],"version-history":[{"count":6,"href":"https:\/\/www.mojemedicentrum.cz\/index.php?rest_route=\/wp\/v2\/pages\/911\/revisions"}],"predecessor-version":[{"id":1015,"href":"https:\/\/www.mojemedicentrum.cz\/index.php?rest_route=\/wp\/v2\/pages\/911\/revisions\/1015"}],"wp:attachment":[{"href":"https:\/\/www.mojemedicentrum.cz\/index.php?rest_route=%2Fwp%2Fv2%2Fmedia&parent=911"}],"curies":[{"name":"wp","href":"https:\/\/api.w.org\/{rel}","templated":true}]}}